0*(-8 + 148/(-5))?
1
Let j(v) = -v**3 - 43*v**2 - 121*v - 145. What is the thousands digit of j(-42)?
3
Let t = -74 + 578. What is the units digit of t?
4
Suppose 389*o - 397*o = -12344. What is the tens digit of o?
4
Let p(l) = 16*l**3 - 3*l**2 + 4*l + 7. What is the hundreds digit of p(4)?
9
What is the hundreds digit of -1586*10*14/(-56)?
9
Let j(q) = 74 - 2*q**2 - q - 68 + 0*q + 0*q**3 + 4*q**3. What is the tens digit of j(2)?
2
Let k be (-16)/104 + 28/13. Suppose w = -0*b + k*b - 368, -4*b = w - 748. What is the units digit of b?
6
Let q = 1223 - 764. Let z = q + -323. What is the units digit of z?
6
Let p = -41 - -43. What is the hundreds digit of 6 - p - (-3 + 1296/(-6))?
2
Let i(h) = h**2 - 4*h + 3. Let l be i(7). Suppose l = m + 2. Suppose 2*a + 0 = m. What is the units digit of a?
1
Let o(p) = -4*p**3 - p**2 + 20*p + 45. What is the hundreds digit of o(-7)?
2
Let t(n) = 102*n - 21. Let g(h) = h - 2. Let c(o) = 5*g(o) - t(o). What is the units digit of c(-1)?
8
Suppose 2*s - 3*s = -3. Suppose 47 = o + 5*g, -o + s*g - 154 = -5*o. Suppose 0 = 3*f - 0*p - p - o, 51 = 5*f + p. What is the tens digit of f?
1
Let k be ((-13)/(-3))/(3/9). Let d = 8 + k. Suppose -x + d = -4*f, f = -4*x - 2*f + 8. What is the units digit of x?
5
What is the tens digit of (-188)/(-6)*(-270)/(-60)?
4
Suppose 2*s - 90 = -3*s. Suppose p + 4*r + s = 0, p - 13 = 4*r + 9. What is the tens digit of 21 + p + 1/1?
2
Suppose 281 = c - 293. What is the tens digit of c?
7
Let u = 200 - 24. Suppose u = -4*y + 6*y. Suppose 3*p - 133 = -5*i, 2*i = -4*p + 80 + y. What is the units digit of p?
1
Let r = -1164 + 2920. What is the hundreds digit of r?
7
Let x = 10 + -7. Suppose 2*k = -g + 4, k + 5*g = x - 1. Suppose i + 35 = -4*o + 210, k*i = -2*o + 92. What is the units digit of o?
3
Suppose 3*g = 2*s + 1841, -2*g + 51 = -4*s - 1179. Suppose 5*c - g = 3*l + 187, -4*l - 143 = -c. What is the units digit of c?
3
Suppose -5*i + 71*h - 69*h + 1264 = 0, i - 244 = -4*h. What is the hundreds digit of i?
2
Suppose 2*c = 113 - 13. Let a = c + -39. What is the units digit of a?
1
Let c = 676 + -330. What is the hundreds digit of c?
3
Let s(y) = 10*y**2 - 3*y - 1. Suppose c - 2*c = 0. Suppose v + 5*g = -22, -4*v + c*g - 20 = 3*g. What is the units digit of s(v)?
5
Let x(g) = 2*g + 6. Let m be x(-2). Let p(i) = 15*i**3 + 5*i**2 - 9*i - 1. What is the units digit of p(m)?
1
Let d = 322 + -17. Let r = d - 194. What is the hundreds digit of r?
1
Let o(m) = 4*m**2 - 2*m - 7. Let q = 54 - 49. What is the tens digit of o(q)?
8
What is the tens digit of (-10)/(-3)*-3 - -2507?
9
Suppose 231*t + 281 = 232*t. What is the units digit of t?
1
Suppose -n = 4, -o = -n - 240 - 176. What is the hundreds digit of o?
4
Let n be ((-3)/2 + 3)*6. Let o = -4 + n. Suppose o*p - 57 = 2*p. What is the units digit of p?
9
Let q(i) = 10*i + 4. Let t be 2*(-3 + (-11)/(-2)). Let f be q(t). Suppose -7*g + 40 = 3*k - 2*g, -2*g = 5*k - f. What is the units digit of k?
0
Let l(s) = s**3 - 4*s**2 + 2*s - 1. Let z be l(4). Suppose 4*h - z*h = -180. What is the units digit of h?
0
Suppose f + 1 = 2*b - 6*b, 18 = 5*f - 3*b. Suppose h = 3*m - 195, -f*h + h + 325 = 5*m. What is the units digit of (-10)/45 - m/(-9)?
7
What is the units digit of 4656/44 + (-18)/(-99)?
6
Let q be 275 + 0/(-1 - -3). Suppose 12*v - 11*v - 4 = 0. Suppose -v*y + q = y. What is the units digit of y?
5
Let q = 10177 - 5752. What is the hundreds digit of q?
4
Let t = -495 + 698. What is the units digit of t?
3
Let x(v) = -v**3 + 11*v**2 - v + 7. Let w be x(11). Let r be (w + 3)*178/2. Let g = 130 + r. What is the tens digit of g?
4
Let p = 190 - -24. Suppose o - 99 = 4*l, 4*o = -4*l + 282 + p. What is the hundreds digit of o?
1
Let y(u) = u - 1. Let d be y(-11). Let c = d - -13. Let k(h) = 2*h**3 + h - 1. What is the units digit of k(c)?
2
Suppose 25*k - 55*k = -2640. What is the tens digit of k?
8
Let b(h) = h**3 - 7*h**2 - 11*h - 11. Let v = 36 + -35. Let i = v + 8. What is the units digit of b(i)?
2
Let x = 2492 + -1696. What is the units digit of x?
6
Let x(p) = 2*p**3 - 4*p**2 + 75*p + 3. What is the hundreds digit of x(13)?
6
Let u(i) = i**3 + 6*i**2 + 4*i - 3. Let q be u(-5). Suppose -6*g + q*g - 224 = 0. What is the units digit of (-4)/14 + (-296)/g?
5
Let j = 22 - -14. Suppose 0 = -42*k + j*k + 1026. What is the hundreds digit of k?
1
Let w be (-1)/(-7) - ((-6822)/126)/(-1). Let q = 208 + -312. Let r = w - q. What is the units digit of r?
0
Let n be 8 - -4*3/6. Let f be 1132/n + (-1)/5. Suppose -4*o - 3*r + f = 0, 0 = o - 0*r - r - 30. What is the units digit of o?
9
Suppose 3*d + 17 = 5*d + 3*m, 2*m + 42 = 4*d. Suppose 9*l = d*l - 5. What is the units digit of l?
5
Let c be (-7)/(-2*(-2)/(-12)). Let v = c + -23. What is the units digit of (-1141)/(-42) - v/(-12)?
7
Suppose 0 = 7*d - 10*d + 6. Let g(i) = -2 + 2*i + d*i**3 + i - 4*i. What is the tens digit of g(3)?
4
Suppose -5*y - 5*t = -0*y - 19325, 15460 = 4*y - 3*t. What is the tens digit of y?
6
Suppose -16*p = -2288 + 528. What is the tens digit of p?
1
Let r = 2597 + -1023. What is the units digit of r?
4
Suppose 3*a - 724 = -a. Suppose -6*o + 2*o + 2*z + 146 = 0, 5*o = 2*z + a. Let p = 6 + o. What is the tens digit of p?
4
Let g(m) = -m**2 - 7*m - 2. Let b be 5/(20/(-8))*3. What is the units digit of g(b)?
4
Let l(r) = r**2 + 21*r + 13. Let b be l(-6). Let k = 95 + b. What is the tens digit of k?
1
Let y(i) = i**2 - 17*i - 2. What is the units digit of y(-11)?
6
Suppose 4*p - 3*q = -p - 5, 5*p + 15 = 5*q. Suppose 4*x - 384 = u, 2*u - 20 = -p*x + 182. What is the units digit of x?
7
Let r(a) = -6*a - 27. Let g be r(-9). What is the units digit of (-7 - -2) + g - (-8)/(-2)?
8
Suppose 0 = 2*d - 3*b - 9846, -4434 = 3*d - b - 19189. What is the tens digit of d?
1
Suppose 0 = -2*o + 4*x, 2*o = x + 3 + 3. Suppose -3*f = -2*j + 295, 4*j + o*f - 665 + 65 = 0. What is the units digit of j?
9
Let b = -13 + -19. Let w = -24 - b. What is the units digit of w?
8
What is the hundreds digit of 7/((-105)/306)*-3*5?
3
Let a = 814 + -248. What is the tens digit of a?
6
Suppose 0 = -9*b - 5*b + 3850. What is the tens digit of b?
7
Let i = 4909 + -3169. What is the thousands digit of i?
1
Let l(q) = q**3 - 7*q**2 + 2*q - 8. Let r be l(7). Let v(h) = -5*h - 16. Let w(y) = 14*y + 47. Let d(g) = r*w(g) + 17*v(g). What is the units digit of d(8)?
2
What is the hundreds digit of (1/(-2))/(15/(-26610))?
8
Let q(u) = 3*u**2 + 32*u. Let y be q(-11). Suppose 4*r = y + 713. What is the hundreds digit of r?
1
Suppose 3*z = 2*z - 52. Let u = z - -87. What is the units digit of u?
5
Let m = 17 - 14. Suppose m*c - 168 = 6. Let q = c - 31. What is the units digit of q?
7
Suppose -t + 43 = j - 6*t, -3*t + 57 = 4*j. Suppose -j + 3 = -3*y. What is the units digit of 116/y - (-5)/(-25)?
3
Let c(z) = -26*z + 77. Let y(i) = 9*i - 26. Let h(o) = 6*c(o) + 17*y(o). What is the units digit of h(-17)?
1
Let u(c) = c - 1. Let k be u(8). Let x(r) = -14*r + 10*r - k - 1. What is the units digit of x(-10)?
2
Let g be 5 + -3*(3 - 2). Suppose 2*p = -g*p. Suppose p = -4*f - 30 + 98. What is the units digit of f?
7
Suppose -9*x = -5*x - 1868. What is the hundreds digit of x?
4
Let g = -6 + -5. Let t(h) be the second derivative of h**4/12 + 4*h**3/3 - 6*h**2 - 135*h. What is the tens digit of t(g)?
2
Let q(d) = 2*d**3 + 6*d**2 - 11*d - 61. What is the thousands digit of q(8)?
1
Let z(w) = w - 2. Let r be z(7). Suppose -39 - 41 = -r*n. What is the tens digit of n?
1
Suppose 0*o - 6*o = -24. Suppose -3*f = i - 4*i + 132, 0 = -i + o*f + 44. What is the tens digit of i?
4
Suppose 2*p + 4*s - 4 = 0, -7*p + 12*p - 3*s = 23. Suppose -p*x + 84 = 5*r - 68, 2*r = 2*x + 68. What is the units digit of r?
2
Let q(f) = -f**3 + 12*f**2 + 5*f + 8. What is the units digit of q(6)?
4
Let v = 8 - 8. Suppose 5*y + 29 = 4*k - 338, -3*k - y + 299 = v. What is the units digit of k?
8
Let z(u) = 22*u**2 + 2*u - 5. Let q be z(-3). Suppose -2*d + 0*d + q = 3*p, -p + 5*d = -68. What is the units digit of p?
3
Let h(u) be the third derivative of u**6/120 - u**5/12 - 5*u**4/24 - u**3/2 + 9*u**2. What is the units digit of h(6)?
3
Let l(y) be the second derivative of y**3/6 + y**2 + 2*y. Let u = -43 - -45. What is the units digit of l(u)?
4
Suppose -26*o + 29*o = 2031.